4*k. List the prime factors of k.
83
Suppose -w - 3*s + 106 = 0, -3*w + s + 68 = -210. List the prime factors of w.
2, 47
Suppose 2*l = 3*k + 25, 5*l + 0*l = -4*k + 51. Suppose 2*s - 3*y = -l, -3*y - 1 = -3*s - 2*y. List the prime factors of 2*s/(-2)*-2.
2
Let r(j) = -j - 10. Let x be r(-7). Let n = x + 7. List the prime factors of n.
2
Let s(g) = -16*g**2 - 5*g + 12*g + 15*g**2. List the prime factors of s(5).
2, 5
Let a be 2/(-11) - (-945)/55. Suppose 8 = 2*q, 5*q - 207 = -4*b + a. What are the prime factors of b?
3, 17
Suppose i + 4 = 3. Let z = 3 - i. List the prime factors of z.
2
Let n(p) = 19*p + 4. Let j(v) = -2*v + 1. Let x be j(-1). Let h be n(x). Suppose 13 - h = -4*d. List the prime factors of d.
2, 3
Let b(r) be the second derivative of -r**4/12 + 4*r**3/3 + 5*r**2 + 2*r. What are the prime factors of b(8)?
2, 5
Suppose 2*m - 6*m + 216 = 0. List the prime factors of m.
2, 3
Let j(h) = 2*h**2 - 2*h + 3. Let k be j(2). Suppose f + k = 2*f. List the prime factors of f.
7
Suppose 2*l - 3*r + 40 = 4*l, 2*r = 4. Let v = -1 - -3. What are the prime factors of 4/v*l/2?
17
Let x(p) = 3*p**2 - 5*p - 1. What are the prime factors of x(-5)?
3, 11
Suppose 2*w + 5*q - 16 = -41, 2*q - 14 = 4*w. Let l be (-1)/(-5) + (-24)/w. List the prime factors of (-5)/(-3)*(l + 1).
2, 5
Let z(p) = -2*p + 35 + 3 + p. What are the prime factors of z(0)?
2, 19
Let o = 41 - 38. What are the prime factors of o?
3
Let q = -2 - -5. Suppose 2*b + 136 = 5*w + b, 0 = w + q*b - 24. List the prime factors of w/2 - 1/2.
13
Let v(a) = -25*a**2 + 4*a + 3. Let c be v(-3). Let k be 1/(-4) + c/24. Let i = k - -16. List the prime factors of i.
2, 3
Let b(g) = 4*g**2 + 7*g + 4. What are the prime factors of b(-6)?
2, 53
Let b(r) = 5*r + 1. Let c(d) = 6*d + 1. Suppose 0 = -3*n - 2*f + 5, -2*f + 5 = -3*f. Let x(g) = n*b(g) - 4*c(g). What are the prime factors of x(3)?
2
Suppose -z - 5 = 4*z. Let j = 7 - 11. List the prime factors of ((-5)/(-2))/(z/j).
2, 5
Suppose 3*n - 5*n = 0. Let t(p) = p + 16. List the prime factors of t(n).
2
Let g(i) = 5*i**3 + i**2 - 8*i + 3. List the prime factors of g(3).
3, 41
Let w = 48 + 7. What are the prime factors of w?
5, 11
Let r = 3 + -1. Suppose -26 = -r*h - 6. What are the prime factors of h/(-3)*54/(-15)?
2, 3
Let h = 13 - 9. Suppose y = -h*r + 52 + 83, 3*r = -y + 101. What are the prime factors of r?
2, 17
Suppose 57 + 12 = 3*u. Let k = u - 9. List the prime factors of k.
2, 7
Let x = -5 + 13. Suppose -3*n + 13 + x = -4*w, -21 = -4*n + 3*w. Suppose -u + 4*u - 3 = n*q, 3*q + 6 = 4*u. What are the prime factors of q?
2
List the prime factors of (65/(0 + 5))/1.
13
Let k(p) = -42*p - 1. Let j be k(-1). Suppose -j = -3*t - 5. What are the prime factors of t?
2, 3
Let h(f) be the third derivative of -f**4/24 + f**3 - f**2. Let q be 1*(-6)/(-36) + (-2)/12. List the prime factors of h(q).
2, 3
Suppose 0 = -4*s + 16 + 12. Let v(p) = -p**2 + 17*p - 8. Let j be v(s). Suppose -4*d + j - 14 = 0. List the prime factors of d.
2, 3
Suppose -4*x + 10 = -2*s - 42, x + 9 = -5*s. List the prime factors of x.
11
Suppose -2*a + 100 = 4*g, -4*a + 2*g - 5*g + 190 = 0. What are the prime factors of a?
2, 23
Suppose -f - 4*f = -1215. List the prime factors of f.
3
Let w = -34 + 36. List the prime factors of w.
2
Let h(p) = p. Let g be h(5). Suppose -23 = -g*n + 12. List the prime factors of n.
7
Let n(g) = 6*g - 6. Let b(j) = j + 1. Let p(x) = 5*b(x) - n(x). List the prime factors of p(0).
11
List the prime factors of (2 - (-237)/(-6))/((-6)/8).
2, 5
Suppose 2 = -5*c + 17. Suppose u = -2*u + 9, c*u = -4*v + 21. Suppose -v*g + g + 32 = 0. What are the prime factors of g?
2
Let z(n) = 11*n - 2. List the prime factors of z(7).
3, 5
Suppose -3*d = 3*k - 306, 5*k = 3*d - 0*d + 534. List the prime factors of k.
3, 5, 7
Let z(g) = 3*g**2 + 0*g - 2*g**2 + 2*g. Let i = 22 - 26. What are the prime factors of z(i)?
2
Let o(b) = 6*b**2 + 5*b**2 + 15 - 14*b - 10*b**2. Let p be o(13). Suppose p*l - 3*m + 5*m - 6 = 0, -2*m + 9 = 3*l. What are the prime factors of l?
3
Let c = -11 + 37. What are the prime factors of c?
2, 13
Suppose -h = h. Suppose h = -0*o + o - 9. List the prime factors of o.
3
Let u(r) = r**3 + 2*r**2 - 2*r - 2. Let x be u(-2). Suppose x*g = -g + 39. What are the prime factors of g?
13
Let o(j) = 2*j**2 - 7*j + 2. What are the prime factors of o(6)?
2
Let d be (-1)/((-3)/18)*-11. Let m be (8/(-6))/(4/d). Suppose 5*r = m - 7. List the prime factors of r.
3
Let z = 17 - 24. Let x(y) = y**3 + y. Let c(f) = 7*f**3 + 7*f**2 + 3*f + 1. Let b(a) = c(a) - 6*x(a). What are the prime factors of b(z)?
2, 11
Let i(c) = c**3 + 2*c**2 - 4*c + 3. Let j(h) = 2*h - 4. Let f be j(4). Let d be ((-1)/2)/((-1)/f). List the prime factors of i(d).
11
Suppose -f = -5*l, 3*l + 3 = 5*l - f. Let x(b) = 4*b**2 + 2*b + 1. Let a be x(l). Let g = a + 3. What are the prime factors of g?
2, 3
List the prime factors of -10*((-11)/5 - -1).
2, 3
Suppose 0 = -c + z - 3, 3*c + 0*z + 3*z + 15 = 0. Let g be 2/4*(-4 - c). List the prime factors of 0/2 + g + 7.
7
Suppose 2*m - 2*s - 44 = 0, 3*m + 24 = s + 96. What are the prime factors of m?
5
What are the prime factors of -4*(-15)/20 + (-2 - -1)?
2
Suppose -3*h = -16 + 4. List the prime factors of ((-2)/h)/((-1)/12).
2, 3
Let j be 2 - (4*-1 + 1). What are the prime factors of (-13)/2*(-10)/j?
13
Suppose -3*g - 553 - 42 = -5*t, 4*t + g = 476. What are the prime factors of t?
7, 17
Suppose 0 = -4*p + 5*t - 0*t + 330, -3*t = -3*p + 246. Suppose -6*n = -n - p. List the prime factors of n.
2
Suppose 3*o + 586 = 5*m, 301 - 67 = 2*m - o. What are the prime factors of m?
2, 29
Suppose -2*w + 7*w - 170 = 0. Suppose 6*z + 3*y = 2*z - 30, -w = 4*z + 5*y. What are the prime factors of ((-4)/6)/(z/81)?
3
Let a = 10 - 8. Suppose 0 = 3*q + a*q - 340. Suppose 4*p - q = g, -1 = -p + 4*g + 1. List the prime factors of p.
2, 3
Let i(v) = 2*v**2 + 40*v + 24. What are the prime factors of i(-20)?
2, 3
Suppose -5*n + 0*g + 65 = 4*g, 0 = -3*n + 5*g + 2. List the prime factors of n.
3
Let b(f) = f**3 - 10*f**2 - 12*f + 15. Let l be b(11). Let y = l - -4. What are the prime factors of y?
2
Let a = -7 + 9. Suppose z = 2*y - 38, a*y + z - 14 = -4*z. List the prime factors of y.
17
Let d(p) = -25*p - 6. What are the prime factors of d(-2)?
2, 11
Let r = 42 + 31. What are the prime factors of r?
73
Suppose -2*h + 4*p = p - 5, -2*p + 14 = 3*h. Suppose -h*m - f + 64 = 0, f - 59 = -3*m + 3*f. List the prime factors of m.
17
Let k(x) = 3*x**2 + 5*x - 4. List the prime factors of k(3).
2, 19
Suppose -18 = -0*r + 2*r. Let g = -5 - r. List the prime factors of g.
2
Suppose 6*a - a - 5 = 0. Let x be -1*(-3 + 2 + a). Suppose g = -3*q + 24, x*q - 42 = -5*q - g. What are the prime factors of q?
3
Let i(s) = -s**3 - 9*s**2 + 2*s + 5. Let u be i(-7). Let z = u + 179. Suppose q - z = -3*q. List the prime factors of q.
2, 3
Suppose 5*j = 4*m - 918, 0*m + m - 5*j = 222. List the prime factors of m.
2, 29
Suppose 0 = 5*u - 110 - 90. List the prime factors of u.
2, 5
Let l = 18 - 13. Suppose -4*m + 2*c + 46 = 4, 0 = -l*c + 15. What are the prime factors of ((-9)/m)/(3/(-12))?
3
Let m(g) = 8*g. Let r be m(5). Suppose 0*j - r = -2*j. List the prime factors of j.
2, 5
Let y = 52 - 23. What are the prime factors of y?
29
Let v(g) = 78*g**2 - g - 2. List the prime factors of v(-1).
7, 11
Let c = 421 + -160. What are the prime factors of c?
3, 29
Let t(j) = j + 2. Let p be t(2). Suppose 0 = p*q - 23 + 3. List the prime factors of q.
5
What are the prime factors of ((-168)/35)/(1/(-10))?
2, 3
Suppose 0*y + 5 = 5*y. Let n be 10*1 - -1 - y. Suppose 5*u - n = 5. What are the prime factors of u?
3
Suppose 2*q - b = 6*q + 10, -3*q = -3*b + 15. Suppose -3*k - 3*t + 7 = -t, -2*k + 8 = 2*t. What are the prime factors of 80/6 - k/q?
13
Let i = 5 - 0. Let q = i - 2. Suppose 2 = q*g - 5*g, -5*y + 67 = 3*g. List the prime factors of y.
2, 7
Let s = -3 + 0. List the prime factors of (s + -2 + -2)*-1.
7
Suppose -41 = 4*j + 43. List the prime factors of (40/(-28))/(3/j).
2, 5
Suppose 0*s + 80 = 4*s. Let n = 41 - s. What are the prime factors of n?
3, 7
Let c = -10 - -14. Suppose j - c*h + 0*h = 10, -5*j = -4*h - 34. What are the prime factors of j?
2, 3
Let v be 8/(-6)*6/(-4). What are the prime factors of v/9 + (-34